= 13 + -13. Suppose -4*y - 31 + 151 = k. List the prime factors of y.
2, 3, 5
Let y = -855 - -2071. List the prime factors of y.
2, 19
Let c be (5*(-10)/(-75))/(1/3). Let j(x) = -3*x - 3. Let v be j(3). What are the prime factors of ((-21)/v)/(c/40)?
5, 7
Suppose -2*d = 5*l - 39 + 11, d = -5*l + 9. Let c = d + -14. Suppose 68 = 5*t + 3*n, c*n - 24 = -5*t + 36. List the prime factors of t.
2
What are the prime factors of 7/42 - (-5739)/18?
11, 29
Let y(q) = -q + 11. Let c be y(8). Let l(v) = 22*v - 3. What are the prime factors of l(c)?
3, 7
Suppose 3*w - 5*t - 203 = 1426, -4*w - 5*t + 2137 = 0. What are the prime factors of w?
2, 269
Let r = -116 + 214. What are the prime factors of r?
2, 7
Let n = 20 + -3. Suppose 0 = -4*j + 5*i + 117, -j - 65*i = -68*i - 38. Let a = j - n. What are the prime factors of a?
2, 3
Let q be (-3)/((-36)/16)*3. Suppose -5*u = -4*z + 1100, -6*u + q*z = -2*u + 880. List the prime factors of (u/(-6))/((-20)/(-30)).
5, 11
Let z(p) = 63*p**2 + 2. Let u be z(-4). Suppose 15*y - 5*y = u. What are the prime factors of y?
101
Suppose -5*a + d + 20 = -12, 10 = -5*d. List the prime factors of (23 - (3 - a)) + 1.
3
Let k = -200 + 271. List the prime factors of k.
71
Suppose -127 = 4*w - 511. Let f be (-304)/(-114)*(-51)/2. Let v = f + w. What are the prime factors of v?
2, 7
Let t = 36 + 323. What are the prime factors of t?
359
Let v = 77 - 72. Suppose -p + v*a + 97 = 0, 5*p - p = 2*a + 370. List the prime factors of p.
2, 23
What are the prime factors of 10/(-2) - (-67 - 12)?
2, 37
Let x(l) = -98*l + 142. What are the prime factors of x(-4)?
2, 3, 89
Suppose -3*a = a - t - 6, 4*a + 6 = -5*t. Suppose -5*p + a = -4, -c = 5*p - 36. List the prime factors of c.
31
Let b(f) = -f**2 - 20*f + 26. Let z be b(-21). Suppose -5*u + 655 = -z*a, 163 - 845 = 5*a + 4*u. List the prime factors of (2 + 1)/((-6)/a).
67
Let w = -13 + 19. Let o(i) = i**3 - 6*i**2 - 2*i. Let b be o(w). Let d(x) = x**3 + 13*x**2 + 9*x - 15. List the prime factors of d(b).
3, 7
Let u(l) = -3*l - 33. Let j be u(-12). What are the prime factors of (-12)/j*(-810)/24?
3, 5
Let j(k) = k**3 + 2*k**2 + 2*k - 4. Let z be j(-3). Let m be (-8)/48 - z/6. What are the prime factors of (4 + 0 + 3)*m?
3, 7
Suppose 0*d - 3*d + 5*u + 107 = 0, 0 = 5*u + 20. Let a(h) = h**3 - 5*h**2 - 6*h - 12. Let n be a(6). Let t = n + d. What are the prime factors of t?
17
Suppose -5*l + 7 = 2, -2*l = -q + 1095. List the prime factors of q.
1097
Let g be -1 + 1 + -1 - -80. Suppose -33*x - 2279 = -6734. Let f = x - g. List the prime factors of f.
2, 7
Let x(p) = 22*p**2 - 4*p + 7. List the prime factors of x(4).
7
Let k be -1 - 12/(-2 - 2). Suppose -33 = -k*t + t. Suppose 3*i = t + 33. List the prime factors of i.
2, 11
Let l = -29 - -32. Suppose 2*c + 512 = 2*n, -2*c + l = c. List the prime factors of n.
257
Let z(s) = -s**2 + s - 5. Let d be z(4). Let r = d - -14. List the prime factors of 3 + -6 + 3 - r.
3
List the prime factors of 0 - -262 - (-2 + -2 + 1).
5, 53
Let x = -91 - -93. Suppose -g - 373 = -x*y, -3*y - y + 766 = 2*g. List the prime factors of y.
3, 7
Let w be ((-27)/36)/((-3)/420). Suppose 2*d = -q + 58, q + 31 = 2*d + w. What are the prime factors of q?
2, 3, 11
Let m(k) = k**3 + 15*k**2 + 12*k - 34. Let z be m(-14). Let l be 32/1 - (z - -4). What are the prime factors of (l/2)/(7/14)?
2, 17
Suppose -5*d + 235 = 1005. Let c = 279 + d. What are the prime factors of c?
5
Let o = 133 + 684. What are the prime factors of o?
19, 43
Suppose 5*t = -15, 0 = -n + 9*t - 11*t + 1499. List the prime factors of n.
5, 7, 43
Let j = -23 + 7. Let o = 18 + j. Suppose o*x + 4*x = 84. What are the prime factors of x?
2, 7
Suppose 5*b + 5 = 15. Suppose 0 = -b*x - 0*x + 46. What are the prime factors of x?
23
Let a(u) = u**3 - 5*u**2 - 2*u - 8. Let q(x) = x**2 - 6*x - 8. Let w be q(7). Let o be 4/w*(-3)/2. What are the prime factors of a(o)?
2
Let m = -6 + -6. Let g = 9 + m. What are the prime factors of 2 + g - -1*13?
2, 3
Suppose -15*a - 15 = -20*a. Suppose -a*p = -7 + 10. What are the prime factors of -2*p*(2 + 0)?
2
Let i(d) = 2*d**3 - 9*d**2 + 3*d + 8. Let x be i(4). Suppose -2*f + 216 = -x*n, 3*f - 302 = n + 22. List the prime factors of f.
2, 3
Suppose i = -5*w + 4627, 2*w - 5*i - 1684 - 156 = 0. List the prime factors of w.
5, 37
Suppose -3*n + 0*n - w = -8, -2*n = -w - 7. Suppose a - 14 = -3*p - 12, -4*p - 2 = -a. Suppose p = n*b + b - 216. What are the prime factors of b?
2, 3
Suppose -8*c - 358 = -974. What are the prime factors of c?
7, 11
What are the prime factors of (7 + -3 - -1) + 2008?
3, 11, 61
Suppose 4*r - 3291 = -i, -4*r + 3017 = 3*i - 264. What are the prime factors of r?
2, 103
Suppose 5784 = 11*g - 3*g. What are the prime factors of g?
3, 241
Suppose 38*t - 95600 = -12*t. What are the prime factors of t?
2, 239
Suppose 0 = -3*m - 5*b + 995 + 633, 3*m - 3*b - 1644 = 0. Suppose 0 = -2*s - 4*u + 9*u + m, -5*s + 1303 = 3*u. List the prime factors of s.
263
Let l(h) = -h**3 + 6*h**2 - 3*h + 6. Let c be l(3). Suppose 48*y = 45*y + c. What are the prime factors of y?
2
Let u = -1247 - -2286. List the prime factors of u.
1039
Let u(g) = -5*g. Let w be u(1). Let x = 21 + w. Let p = x + -12. List the prime factors of p.
2
Let l(z) = -z**2 - 3*z + 12. Let h be l(-5). What are the prime factors of 174 - (27/15 - h/(-10))?
2, 43
Let y(a) be the first derivative of -47*a**2/2 + 2*a + 4. Let q be y(-2). Suppose -q = -4*p - 40. List the prime factors of p.
2, 7
Let n = 5375 - 3111. List the prime factors of n.
2, 283
Suppose -4*n = 2*i - 40, -2*n + 3*n - 3*i = -4. Let w be 4/n + 358/4. Let d = w - 62. List the prime factors of d.
2, 7
Suppose -18 = -9*z + 6*z. List the prime factors of 4/(5/195*z/4).
2, 13
Let l(u) = -u**2 - 39*u - 22. What are the prime factors of l(-22)?
2, 11
List the prime factors of (1 - -3602)*(-268)/(-201).
2, 1201
Let u(q) = -756*q - 396. What are the prime factors of u(-4)?
2, 3, 73
Let t be 2/2 + -19 + 2. Let o(q) = 2*q**3 - 6*q**2 + 4*q + 4. Let w be o(4). Let h = t + w. What are the prime factors of h?
2, 3
Let v(l) = -l**3 + 4*l**2 + 6*l - 5. Let n be v(5). Suppose -d - 2*d - 15 = n, 2*d - 10 = -b. Let u = 36 - b. What are the prime factors of u?
2
List the prime factors of (4 + 22)*38 - -1*6.
2, 7, 71
Suppose -2*o = -0*o - z - 391, 4*z + 382 = 2*o. Let m = o - 113. What are the prime factors of m?
2, 3, 7
Suppose 4*c = 7*c - 408. Suppose -a = -5*a. Suppose 10*d - 6*d - c = a. List the prime factors of d.
2, 17
Let v be 74/(-14) - (-18)/63. List the prime factors of 1/(-2*v/790).
79
What are the prime factors of 573 + (-35)/42 + (-43)/6?
5, 113
Suppose 0 = n - 19 + 5. Let t = n + -9. Suppose -t*r + 90 = 2*k, -5*r + 26 + 64 = -k. What are the prime factors of r?
2, 3
Let n(t) = 10*t**3 + 2*t**2 - 10*t + 56. List the prime factors of n(7).
2, 7, 251
Suppose -8*c + 5*c + 2*j + 6 = 0, 4*c + 5*j + 15 = 0. Suppose -4*u - k - k + 30 = 0, -u + k = c. Suppose -u*w + 69 = -46. List the prime factors of w.
23
Let d = 309 + 329. What are the prime factors of d?
2, 11, 29
Suppose 0 = w + 4*w. Suppose w = 5*k - k - 280. What are the prime factors of k?
2, 5, 7
What are the prime factors of (-40)/(-16)*(9 - -613)?
5, 311
Let k(g) = 17*g**2 + 11*g - 3. What are the prime factors of k(4)?
313
Let s be -3 - -6 - -1 - -3. List the prime factors of (s + 99)*1/2.
53
Let f be (33/(-2))/((-3)/8). Suppose -100*r = -21*r + 112970. List the prime factors of r/f*(-12)/5.
2, 3, 13
List the prime factors of ((-63)/(-42))/(2/2276).
3, 569
Let y be (8/(-2) - -3) + 86. Let c = -203 - -143. Let s = c + y. What are the prime factors of s?
5
Let x = -518 + 1325. Suppose 0 = 9*o - x - 417. List the prime factors of o.
2, 17
Let o = 8 + -3. Suppose 0 = -o*l + 20. What are the prime factors of l?
2
Let p be (-2)/6*3 + 101. Let m = p - 17. What are the prime factors of m?
83
Suppose 3*h + 5*s = 6*h - 25, h - 15 = 5*s. Suppose 0 = -h*x - w + 296, x - 4*w + 104 = 3*x. What are the prime factors of x?
2, 3, 5
Suppose -2*z + m + 9 = -1, 0 = -2*m - 8. Suppose -2*n = z*n - 135. What are the prime factors of n?
3
Suppose r = -2*l + 1, 3*r + 0 - 5 = -4*l. Suppose -10 = -5*m, -i - i - r*m + 14 = 0. List the prime factors of (-10)/i*(-624)/40.
3, 13
Let k be (400/(-15))/(-8) - 4/(-6). Suppose 144 = -k*y + 7*